a factor of 6197247537?
True
Is 478 a factor of 37378272?
False
Does 2320 divide 1486299522?
False
Is 6920 a factor of 1297138333?
False
Is 191486820 a multiple of 2731?
False
Does 31 divide 4776614785?
False
Is 7 a factor of 25201890?
True
Is 24 a factor of 1515312?
True
Is 43251075 a multiple of 990?
False
Is 207022492 a multiple of 148?
False
Does 28 divide 403574507?
False
Is 1064991425 a multiple of 619?
False
Does 3 divide 29203768?
False
Is 12469214 a multiple of 67?
False
Does 2697 divide 2363755983?
True
Is 4976072066 a multiple of 1318?
False
Does 6086 divide 5146370288?
True
Is 206 a factor of 537290848?
True
Does 5 divide 203966459?
False
Is 19494303 a multiple of 176?
False
Is 147690787 a multiple of 197?
False
Does 47 divide 281340718?
False
Is 497 a factor of 169018269?
True
Is 678337486 a multiple of 232?
False
Is 1516977459 a multiple of 9?
True
Does 9 divide 5719599?
True
Is 77691292 a multiple of 17?
True
Does 823 divide 127188856?
False
Is 1679 a factor of 1377393117?
False
Is 108 a factor of 15132744?
True
Does 2218 divide 260740754?
False
Is 205 a factor of 194948319?
False
Does 12 divide 27783192?
True
Is 4202796647 a multiple of 19?
False
Is 819 a factor of 27524133?
True
Is 43933300 a multiple of 953?
True
Is 141209819 a multiple of 891?
False
Does 19 divide 7646845?
False
Is 202856805 a multiple of 15?
True
Is 702 a factor of 406438344?
True
Is 3 a factor of 4798788?
True
Does 48 divide 2703216?
True
Is 918 a factor of 21894300?
True
Does 12 divide 391639284?
True
Does 2050 divide 407701?
False
Is 17584188 a multiple of 17?
True
Is 3434 a factor of 1924509752?
True
Is 145239257 a multiple of 6?
False
Does 706 divide 1062026622?
True
Is 61 a factor of 39941392?
False
Is 27907010 a multiple of 6?
False
Is 45818208 a multiple of 184?
True
Does 76 divide 182943400?
True
Does 38 divide 3156809?
False
Is 8177 a factor of 113001230?
False
Is 4076997018 a multiple of 59?
False
Does 2222 divide 754424550?
True
Is 14 a factor of 3758262?
False
Is 639483300 a multiple of 513?
False
Does 8 divide 119856232?
True
Is 2859033 a multiple of 33?
False
Is 131 a factor of 189310972?
False
Does 36 divide 219741122?
False
Is 19737252 a multiple of 212?
False
Does 7 divide 29284814?
False
Is 23 a factor of 7693270?
True
Does 5774 divide 651618996?
True
Does 4527 divide 490944096?
True
Does 423 divide 127749655?
False
Is 61 a factor of 1967104479?
False
Is 187881004 a multiple of 4?
True
Does 54 divide 3966967?
False
Is 16493022 a multiple of 14?
True
Is 29725290 a multiple of 30?
True
Does 10 divide 26763848?
False
Does 85 divide 39161540?
True
Does 98 divide 179122538?
True
Is 69089630 a multiple of 331?
True
Is 2617835031 a multiple of 9?
True
Is 157372898 a multiple of 2126?
True
Does 141 divide 48268614?
False
Is 11 a factor of 854245260?
True
Does 1244 divide 3462529696?
True
Does 878 divide 835017702?
False
Is 661811 a multiple of 7?
False
Does 24 divide 650861?
False
Is 15775352 a multiple of 229?
True
Is 284982804 a multiple of 33?
False
Does 6 divide 14769120?
True
Is 227031211 a multiple of 34?
False
Is 3 a factor of 2296564?
False
Is 114 a factor of 338395188?
False
Does 40 divide 18727360?
True
Does 1282 divide 198048488?
True
Is 473 a factor of 1769895523?
True
Is 95418792 a multiple of 83?
True
Is 1021454922 a multiple of 757?
True
Is 160765209 a multiple of 297?
True
Is 42751029 a multiple of 977?
False
Is 2608 a factor of 107225312?
True
Does 777 divide 132947019?
False
Does 565 divide 29221800?
True
Is 142 a factor of 671967448?
False
Is 494 a factor of 153516428?
True
Is 3682592792 a multiple of 1360?
False
Does 262 divide 56482222?
True
Is 816500881 a multiple of 13?
False
Does 103 divide 6450066?
True
Is 74644947 a multiple of 9?
True
Is 71 a factor of 20127035?
False
Does 1209 divide 239814822?
True
Is 20 a factor of 710767020?
True
Is 7170 a factor of 1893439260?
True
Does 261 divide 1301510169?
True
Is 20 a factor of 19730200?
True
Is 24 a factor of 47358552?
True
Does 2530 divide 2463519190?
True
Is 61 a factor of 116552408?
False
Is 41143944 a multiple of 51?
True
Is 20 a factor of 61567426?
False
Is 58240404 a multiple of 36?
True
Does 174 divide 42949638?
True
Does 48 divide 40527081?
False
Is 138692810 a multiple of 40?
False
Is 23091750 a multiple of 150?
True
Is 69 a factor of 697179588?
True
Is 25654338 a multiple of 23?
True
Is 1305 a factor of 77303612?
False
Is 314 a factor of 277876996?
False
Does 19 divide 482580145?
True
Is 11840024 a multiple of 3?
False
Does 53 divide 86286946?
False
Does 346 divide 38789022?
True
Is 25744320 a multiple of 1260?
True
Does 447 divide 16624435?
False
Is 13587920 a multiple of 124?
True
Does 7 divide 1572409951?
True
Is 381 a factor of 255478026?
True
Is 18 a factor of 11004305?
False
Is 60 a factor of 25196391?
False
Is 150736156 a multiple of 86?
True
Is 78294203 a multiple of 105?
False
Does 237 divide 93195573?
False
Is 288352925 a multiple of 67?
True
Does 173 divide 1660637?
False
Is 46 a factor of 634504610?
False
Does 1843 divide 129174157?
False
Is 17317090 a multiple of 295?
True
Does 88 divide 13251741?
False
Is 111 a factor of 371410773?
True
Is 19 a factor of 15590759?
False
Does 512 divide 67193763?
False
Does 2522 divide 75652434?
True
Is 1270 a factor of 39042340?
True
Is 39 a factor of 11158914?
True
Does 16 divide 103851584?
True
Is 1334 a factor of 153903991?
False
Is 33 a factor of 180166800?
True
Is 82 a factor of 568217301?
False
Is 99505885 a multiple of 344?
False
Does 887 divide 272248475?
False
Is 187 a factor of 22828347?
False
Does 325 divide 35998300?
True
Is 2843845312 a multiple of 826?
True
Is 172 a factor of 867635015?
False
Does 739 divide 146315349?
True
Does 1587 divide 156236976?
True
Is 2973432 a multiple of 24?
True
Is 82984596 a multiple of 579?
True
Does 9 divide 183417048?
True
Does 7 divide 277705848?
True
Does 3180 divide 12516591?
False
Is 261061529 a multiple of 37?
True
Is 2201845 a multiple of 209?
False
Is 3 a factor of 22036910?
False
Does 3617 divide 319127540?
False
Is 495 a factor of 324807120?
True
Is 38798708 a multiple of 238?
False
Does 22 divide 36996190?
True
Does 11485 divide 987939700?
True
Is 631 a factor of 19714333?
True
Does 42 divide 634894472?
False
Is 148002970 a multiple of 95?
True
Is 3186251702 a multiple of 7?
False
Does 5187 divide 100202466?
True
Is 44600994 a multiple of 3?
True
Does 8 divide 7935078?
False
Is 13 a factor of 75671414?
True
Does 11 divide 379706074?
True
Does 95 divide 190777054?
False
Is 92615966 a multiple of 22?
False
Does 10 divide 7865789?
False
Does 50 divide 27377141?
False
Is 290 a factor of 4091763659?
False
Is 142428830 a multiple of 785?
True
Is 73 a factor of 118682232?
True
Is 2158217129 a multiple of 18?
False
Is 418 a factor of 6598059?
False
Is 3430176 a multiple of 62?
False
Is 347195226 a multiple of 93?
True
Does 228 divide 1785736128?
True
Is 128 a factor of 23401862?
False
Does 500 divide 1857738931?
False
Does 90 divide 12280216?
False
Does 1729 divide 428792000?
True
Is 161 a factor of 323531264?
False
Is 413240068 a multiple of 83?
True
Does 870 divide 13568520?
True
Is 231690422 a multiple of 124?
False
Is 230748544 a multiple of 213?
False
Is 246 a factor of 3501683?
False
Is 224275254 a multiple of 98?
True
Does 195 divide 83627115?
True
Is 1801 a factor of 1814505326?
False
Is 66 a factor of 309064866?
True
Is 14784240 a multiple of 9?
False
Is 32354766 a multiple of 474?
True
Is 22329855 a multiple of 2169?
True
Is 389 a factor of 8236297?
True
Is 10 a factor of 4071822?
False
Is 13 a factor of 19426316?
True
Is 5769 a factor of 739577856?
False
Is 397 a factor of 395781578?
False
Does 1117 divide 14085370?
True
Is 5 a factor of 109092661?
False
Is 12644231 a multiple of 73?
False
Does 81 divide 70891848?
True
Is 262206613 a multiple of 8?
False
Is 37 a factor of 5799121?
True
Is 33646056 a multiple of 27?
False
Is 810 a factor of 44742636?
False
Does 3 divide 165164271?
True
Is 972 a factor of 26558928?
True
Does 145 divide 12422835?
False
Does 123 divide 16769879?
False
Is 883485 a multiple of 677?
True
Does 2037 divide 11408629?
False
Does 8845 divide 716697682?
False
Does 31 divide 724410821?
True
Does 6699 divide 1476633774?
True
Is 3071 a fac